 a(-31)?
50
Let j(h) = -h**3 - 38*h**2 + 122*h + 87. Determine j(-41).
128
Let s(w) = -52*w**2 + 106*w - 1. Calculate s(2).
3
Let f(b) = b**3 + 2056*b**2 + 84590*b + 77. What is f(-42)?
-7
Let a(d) = -3901*d - 94846. Determine a(-24).
-1222
Let d(i) = i**3 + 251*i**2 + 574*i + 18966. Calculate d(-249).
42
Let h(j) = -2866*j + 409948. Calculate h(143).
110
Let z(m) = -m**3 - 164*m**2 - 4*m + 203. Give z(-164).
859
Let i(b) = 5345*b - 90912. Determine i(17).
-47
Let h(j) = -283*j - 6960. What is h(-23)?
-451
Let o(x) = 96*x**2 + 1469*x + 2947. Give o(-2).
393
Let w(s) = -33*s**2 - 499*s + 52. Calculate w(-16).
-412
Let m(v) = 934*v**3 + 4663*v**2 - 10*v + 137. What is m(-5)?
12
Let c(t) = 7*t**2 - 1906*t + 9833. Calculate c(267).
-46
Let u(n) = -289*n - 71693. What is u(-248)?
-21
Let h(q) = -16*q**2 - 104*q - 61. Calculate h(-4).
99
Let y(t) = -1573*t + 306689. Give y(195).
-46
Let g(a) = 20*a**2 - 345*a - 41. What is g(17)?
-126
Let o(g) = 2*g**3 - 16*g**2 - 49*g + 18. Determine o(11).
205
Let b(v) = 2*v**3 + 190*v**2 - 488*v - 9699. Determine b(-97).
1
Let q(j) = -j**3 - 562*j**2 + 5666*j + 520. What is q(10)?
-20
Let r(h) = -37410*h + 37821506. Calculate r(1011).
-4
Let x(h) = 1118*h**3 - 6*h**2 + 34*h + 38. Calculate x(-1).
-1120
Let g(f) = f**3 + 4*f**2 - 183*f - 1205. Give g(-9).
37
Let g(q) = -6003*q - 12. What is g(0)?
-12
Let b(n) = -n**2 - 28902*n - 577599. Calculate b(-20).
41
Let q(n) = -n**2 - 50*n + 5466. What is q(53)?
7
Let i(v) = -37*v**2 - 980*v - 116. Determine i(-27).
-629
Let m(r) = r**3 + 392*r**2 - 20148*r - 148. What is m(-438)?
-148
Let t(u) = u**2 + 1783*u - 34186. What is t(19)?
52
Let q(d) = -2*d**3 + 701*d**2 - 61372*d + 2350. Calculate q(181).
-3
Let t(u) = 9*u**2 - 15975*u + 175617. What is t(11)?
981
Let w(u) = -7009*u - 126131. Determine w(-18).
31
Let x(f) = 172*f**2 - 3907*f - 1133. Determine x(23).
-6
Let w(n) = 523*n + 4854. Calculate w(-8).
670
Let q(h) = -1811*h + 1767579. What is q(976)?
43
Let t(r) = 64*r**2 + 131*r - 134. Determine t(1).
61
Let w(x) = -2*x**3 + 20*x**2 + 377*x + 52. Determine w(-10).
282
Let g(k) = k**2 - 1505*k + 543369. Determine g(601).
65
Let w(f) = 17205*f - 361299. Calculate w(21).
6
Let z(t) = -t**3 - 55*t**2 - 137*t + 1003. Give z(-52).
15
Let i(q) = 25*q**2 - 14324*q - 57266. Calculate i(-4).
430
Let d(c) = 6212*c + 31091. Give d(-5).
31
Let q(o) = -o**3 + 38*o**2 + 41*o - 949. Determine q(37).
1937
Let s(b) = -13593*b + 421427. Give s(31).
44
Let y(w) = 29*w**3 - 15*w**2 - 18*w - 4. What is y(-1)?
-30
Let c(j) = -6208*j + 1545887. What is c(249)?
95
Let f(k) = -146*k + 3967. Give f(48).
-3041
Let h(l) = -2*l**2 - 357*l - 15850. What is h(-81)?
-55
Let s(n) = -77*n**2 + 412*n - 14. Determine s(6).
-314
Let v(d) = d**3 - 168*d**2 + 3050*d - 6304. Give v(18).
-4
Let m(c) = 501587*c - 3009519. Calculate m(6).
3
Let j(n) = 544*n**2 + 10434*n + 1857. Calculate j(-19).
-5
Let o(h) = -44304*h - 2. Give o(0).
-2
Let n(q) = -1042*q - 45438. What is n(-44)?
410
Let u(x) = 507*x - 126215. Calculate u(249).
28
Let d(f) = -7*f**3 - 84*f**2 - 6*f - 54. What is d(-12)?
18
Let i(h) = 5*h**2 + 1399*h + 93360. Give i(-170).
30
Let v(w) = -1085*w - 388425. Determine v(-358).
5
Let y(x) = -1709*x + 404572. What is y(237)?
-461
Let t(g) = 866*g - 74488. Calculate t(86).
-12
Let z(r) = 3*r**2 + 10*r + 46. Determine z(-11).
299
Let j(t) = 71*t**2 - 141*t - 10. Determine j(8).
3406
Let i(y) = y**3 - 107*y**2 - 117*y + 553. Determine i(108).
-419
Let g(t) = t**2 - 563*t + 25042. Determine g(49).
-144
Let m(z) = -z**3 + 22*z**2 + 96*z - 2684. Determine m(26).
-2892
Let w(x) = 1063*x + 12100. What is w(-10)?
1470
Let s(f) = -4*f**3 - 2444*f**2 + 4905*f + 618. Calculate s(-613).
5
Let b(d) = -1490*d**3 + 7*d**2 - 574*d - 576. Give b(-1).
1495
Let o(j) = j**2 + 13*j - 117. Calculate o(-19).
-3
Let i(f) = 151*f + 814. Determine i(-12).
-998
Let c(d) = 165568*d + 662307. Calculate c(-4).
35
Let h(u) = 8345*u - 58375. Give h(7).
40
Let z(t) = -3266*t - 581266. Determine z(-178).
82
Let u(r) = -1199*r - 6642. Determine u(-8).
2950
Let s(n) = -n**3 + 40*n**2 - 183*n - 1265. Determine s(35).
-1545
Let y(u) = -u**3 + 70*u**2 - 153*u + 112. Give y(67).
3328
Let b(w) = -44*w**2 - 9*w - 22. What is b(-2)?
-180
Let m(k) = -2*k**2 - 613*k - 7623. Calculate m(-283).
5678
Let h(c) = -42*c**2 - 1588*c - 1425. Calculate h(-38).
-1729
Let w(j) = -18*j**2 + 486*j + 2084. Calculate w(32).
-796
Let v(b) = -34*b**2 + 17*b - 132. Calculate v(7).
-1679
Let p(z) = 9146*z - 374993. Calculate p(41).
-7
Let t(h) = h**3 - 23*h**2 + 2586*h - 47694. Give t(19).
-4
Let u(g) = -35*g**2 - 358*g + 144. Calculate u(-10).
224
Let t(n) = -8*n**2 + 160*n + 869. Give t(27).
-643
Let g(q) = -58*q + 4947. What is g(50)?
2047
Let s(o) = 379*o + 33892. What is s(-88)?
540
Let b(q) = 2360*q - 14184. Determine b(6).
-24
Let j(v) = 7*v**2 + 333*v + 160. Determine j(-45).
-650
Let h(m) = -154*m + 2106. Calculate h(13).
104
Let v(p) = p**2 - 82*p - 3253. What is v(70)?
-4093
Let f(u) = -4*u**2 + 429*u + 649. Determine f(114).
-2429
Let b(v) = 123*v + 7371. What is b(-80)?
-2469
Let n(w) = w**3 - 23*w**2 - 195*w + 4089. Determine n(24).
-15
Let m(v) = -111*v**2 - 3980*v - 110. What is m(-36)?
-686
Let y(t) = t**2 - 8499*t - 350177. Calculate y(-41).
-37
Let i(k) = -2339*k + 39342. What is i(16)?
1918
Let x(b) = -2755*b + 236429. Calculate x(86).
-501
Let n(w) = -20027*w**2 + 260352*w - 4. Give n(13).
9
Let l(y) = -93*y**2 + 65742*y - 65743. Give l(1).
-94
Let p(v) = 2304*v + 2513. Give p(1).
4817
Let y(o) = -o**3 + 6*o**2 - 1168*o + 5799. Determine y(5).
-16
Let a(o) = -5846*o + 1034499. Determine a(177).
-243
Let g(l) = 7*l**3 - 268*l**2 + 1670*l - 10. Give g(8).
-218
Let i(z) = z**3 - 27*z**2 - 267*z - 424. Calculate i(-2).
-6
Let m(a) = -5*a**3 - 88*a**2 + 33*a - 132. Determine m(-18).
-78
Let l(a) = -338*a**2 - 43*a + 152. What is l(3)?
-3019
Let u(l) = -3109209*l + 6218424. Give u(2).
6
Let y(r) = r**3 + 16*r**2 + 36*r - 115. Determine y(-16).
-691
Let d(r) = -r**3 + 9*r**2 + 37449*r - 374411. Determine d(10).
-21
Let a(w) = 4652*w + 18614. Calculate a(-4).
6
Let x(q) = 2*q**2 - 4858*q + 77195. What is x(16)?
-21
Let r(v) = -v**3 - 74*v**2 + 2792*v + 193433. Determine r(-78).
-7
Let t(b) = 144*b**2 - 2041*b + 372. Determine t(14).
22
Let q(w) = -46*w**2 + 1242*w + 62. Determine q(27).
62
Let j(i) = 77*i**2 + 56*i - 10. Calculate j(-4).
998
Let r(m) = -m**3 - 152*m**2 - 922*m - 6690. What is r(-146)?
26
Let p(k) = 1604*k - 3367. What is p(2)?
-159
Let h(t) = -10*t**3 + 3*t**2 - 364*t + 1535. Give h(4).
-513
Let i(r) = -r**3 - 411*r**2 + 4645*r - 44. Determine i(11).
-11
Let c(x) = 77264*x - 2704231. What is c(35)?
9
Let u(p) = p**3 - 139*p**2 - 5674*p - 385. Give u(172).
-41
Let b(i) = 1305*i**2 - 4024*i - 1. What is b(3)?
-328
Let h(d) = 2*d**3 + 109*d**2 - 85*d + 429. What is h(-55)?
2079
Let n(x) = -20089*x + 60257. Determine n(3).
-10
Let a(v) = -v**3 + 588*v**2 + 2942*v - 6. Determine a(-5).
109
Let q(h) = h**3 - 177*h**2 + 170*h - 109. Calculate q(176).
-1165
Let a(u) = -1216*u + 54177. Give a(44).
673
Let c(m) = 14*m**2 + 2154*m + 16240. What is c(-8)?
-96
Let l(r) = 2*r**3 + 7*r**2 + 2*r + 56. What is l(-7)?
-301
Let s(i) = -642*i - 26950. What is s(-45)?
1940
Let t(l) = l**2 - 3550*l + 3148593. Determine t(1730).
-7
Let j(b) = 42752*b + 15818230. Calculate j(-370).
-10
Let f(i) = i**3 - 498*i**2 + 1491*i - 2966. Give f(495).
4
Let r(s) = -4*s**2 + 464*s + 135545. Give r(251).
5
Let w(r) = -2*r**2 - 527*r - 26407. What is w(-196)?
53
Let k(p) = -23327*p + 373239. What is k(16)?
7
Let f(b) = 248723*b + 1243626. Determine f(-5).
11
Let c(v) = 4*v**2 + 1018*v - 203089. Determine c(-386).
-53
Let h(z) = -40404*z + 80916. Calculate h(2).
108
Let g(p) = 2*p**3 - 344*p**2 - 11*p + 1910. Determine g(172).
18
Let t(u) = 472*u + 14460. Give t(-30).
300
Let p(w) = -16041*w - 1748486. Give p(-109).
-17
Let v(y) = 35722*y - 142869. What is v(4)?
19
Let w(a) = -55*a**3 + 1978*a**2 + 5*a + 2403. Determine w(36).
-9
Let y(g) = -2704*g + 500861. Give y(185).
621
Let u(t) = -1056*t + 28140. Give u(27).
-372
Let z(v) = v**2 + 119*v + 2229. Determine z(-98).
171
Let a(u) = 190*u - 9629. Give a(52).
251
Let b(i) = 42*i**3 + 8946*i**2 - 5*i - 1082. Determine 